{"id":48,"date":"2015-08-30T13:30:21","date_gmt":"2015-08-30T11:30:21","guid":{"rendered":"http:\/\/h2179449.stratoserver.net\/autoclubtrier\/wordpress\/?page_id=48"},"modified":"2022-09-24T16:14:18","modified_gmt":"2022-09-24T14:14:18","slug":"oldtimer","status":"publish","type":"page","link":"https:\/\/autoclub-trier.de\/index.php\/willkommen\/oldtimer\/","title":{"rendered":"Oldtimer"},"content":{"rendered":"<h2>Aktivit\u00e4ten<\/h2>\n<p>Etliche unserer Mitglieder sind begeistert von Oldtimern und besitzen aus derartige automobile &#8222;Sch\u00e4tzchen&#8220;, mit denen auch zahlreich an unseren Veranstaltungen teilgenommen wird. Zu den regelm\u00e4\u00dfigen festen Terminen im Jahr geh\u00f6ren zwei Rallys und eine Ausfahrt zum Picknick. Die Rallyes werden jeweils von Clubmitgliedern vorbereitet. Eingeladen sind aber nicht nur Mitglieder, sondern auch alle G\u00e4ste, die Lust auf eine sch\u00f6ne Autotour haben.<br \/>\nDie erste Rally des Jahres findet traditionsgem\u00e4\u00df am Ostermontag statt und tr\u00e4gt den Namen \u201eOstereiersuchfahrt\u201c. Es gilt die richtige Strecke zu finden, verschiedene Aufgaben zu meistern und herauszufinden, wo der Hase mal wieder einen Haken geschlagen hat!<br \/>\nIm Sommer, zumeist an einem Sonntag im Juni oder Juli, veranstalten wir ein Picknick. Jedes Jahr fahren wir gemeinsam eine sch\u00f6ne Strecke, um zu unserem Ziel, einer Grillh\u00fctte in der Gegend zu kommen. Dort ist dann f\u00fcr Speis und Trank bestens gesorgt.<br \/>\nIm Herbst, im September oder Oktober, gibt es eine weitere Rally, unsere \u201eFuchsjagd\u201c.<br \/>\nAuch diese wird jeweils von einem oder mehreren unserer Mitglieder ausgearbeitet.<br \/>\nBei sch\u00f6nen Wetter im Sommer organisieren wir von Zeit zu Zeit eine Ausfahrt und wir fahren gemeinsam zu einem anderen Ausflugslokal, als die \u201ePost\u201c in Trierweiler.<br \/>\nWir haben bereits bei Wohlt\u00e4tigkeitsveranstaltungen geholfen, indem wir andere Autobegeisterte f\u00fcr eine Spende mit unseren Oldtimern oder Sportwagen gefahren haben. Besonders sch\u00f6n waren die Veranstaltungen, die wir zusammen mit dem CHRSN (eine Oldtimer Rennsport Organisation) durchgef\u00fchrt haben, um kranken Kindern aus Trier und Umgebung mit unseren Autos und einem sch\u00f6nen Kinderfest eine Freude machen zu k\u00f6nnen. Auch in Zukunft planen wir wieder so ein Fest.<br \/>\nIm Januar findet f\u00fcr unsere Mitglieder, deren Familien und G\u00e4ste ein Neujahrsempfang mit gutem Abendessen statt.<\/p>\n<h2>Stammtisch<\/h2>\n<p>Die Mitglieder des Clubs treffen sich regelm\u00e4\u00dfig zu einen Stammtisch am ersten Mittwoch jedes Monats ab 19:00 Uhr in wechselnden Lokalit\u00e4ten. Aktuell im \u201eGasthaus Karlsm\u00fchle\u201c bei Mertesdorf (gro\u00dfer Parkplatz vorhanden). Interessierte G\u00e4ste sind immer willkommen!<\/p>\n","protected":false},"excerpt":{"rendered":"<p>Aktivit\u00e4ten Etliche unserer Mitglieder sind begeistert von Oldtimern und besitzen aus derartige automobile &#8222;Sch\u00e4tzchen&#8220;, mit denen auch zahlreich an unseren Veranstaltungen teilgenommen wird. Zu den regelm\u00e4\u00dfigen festen Terminen im Jahr geh\u00f6ren zwei Rallys und eine Ausfahrt zum Picknick. Die Rallyes werden jeweils von Clubmitgliedern vorbereitet. Eingeladen sind aber nicht nur Mitglieder, sondern auch alle G\u00e4ste, [&hellip;]<\/p>\n","protected":false},"author":3,"featured_media":0,"parent":5,"menu_order":2,"comment_status":"closed","ping_status":"closed","template":"","meta":{"_acf_changed":false,"ngg_post_thumbnail":0,"footnotes":""},"class_list":["post-48","page","type-page","status-publish","hentry"],"acf":[],"jetpack_sharing_enabled":true,"jetpack_shortlink":"https:\/\/wp.me\/P6Sk7b-M","_links":{"self":[{"href":"https:\/\/autoclub-trier.de\/index.php\/wp-json\/wp\/v2\/pages\/48","targetHints":{"allow":["GET"]}}],"collection":[{"href":"https:\/\/autoclub-trier.de\/index.php\/wp-json\/wp\/v2\/pages"}],"about":[{"href":"https:\/\/autoclub-trier.de\/index.php\/wp-json\/wp\/v2\/types\/page"}],"author":[{"embeddable":true,"href":"https:\/\/autoclub-trier.de\/index.php\/wp-json\/wp\/v2\/users\/3"}],"replies":[{"embeddable":true,"href":"https:\/\/autoclub-trier.de\/index.php\/wp-json\/wp\/v2\/comments?post=48"}],"version-history":[{"count":8,"href":"https:\/\/autoclub-trier.de\/index.php\/wp-json\/wp\/v2\/pages\/48\/revisions"}],"predecessor-version":[{"id":857,"href":"https:\/\/autoclub-trier.de\/index.php\/wp-json\/wp\/v2\/pages\/48\/revisions\/857"}],"up":[{"embeddable":true,"href":"https:\/\/autoclub-trier.de\/index.php\/wp-json\/wp\/v2\/pages\/5"}],"wp:attachment":[{"href":"https:\/\/autoclub-trier.de\/index.php\/wp-json\/wp\/v2\/media?parent=48"}],"curies":[{"name":"wp","href":"https:\/\/api.w.org\/{rel}","templated":true}]}}